t is the tens digit of 73341?
4
What is the hundred thousands digit of 743749?
7
What is the units digit of 644128?
8
What is the ten thousands digit of 287269?
8
What is the ten thousands digit of 136694?
3
What is the tens digit of 146791?
9
What is the thousands digit of 23509?
3
What is the thousands digit of 463654?
3
What is the tens digit of 665137?
3
What is the tens digit of 160132?
3
What is the millions digit of 4505523?
4
What is the units digit of 25092431?
1
What is the hundred thousands digit of 27059852?
0
What is the units digit of 85332?
2
What is the ten thousands digit of 317199?
1
What is the thousands digit of 4981968?
1
What is the tens digit of 76574?
7
What is the millions digit of 5866142?
5
What is the ten thousands digit of 205415?
0
What is the hundred thousands digit of 3331469?
3
What is the ten thousands digit of 472582?
7
What is the ten thousands digit of 2218448?
1
What is the ten millions digit of 10844902?
1
What is the hundreds digit of 303946?
9
What is the units digit of 12340124?
4
What is the units digit of 1267928?
8
What is the tens digit of 569525?
2
What is the tens digit of 681889?
8
What is the hundreds digit of 212975?
9
What is the ten thousands digit of 5078754?
7
What is the hundreds digit of 1594776?
7
What is the thousands digit of 487115?
7
What is the units digit of 2900624?
4
What is the hundreds digit of 432516?
5
What is the hundreds digit of 2384155?
1
What is the hundred thousands digit of 1791433?
7
What is the ten thousands digit of 2347621?
4
What is the tens digit of 728704?
0
What is the ten thousands digit of 29745484?
4
What is the ten thousands digit of 273863?
7
What is the hundreds digit of 2957012?
0
What is the units digit of 22190968?
8
What is the hundred thousands digit of 351410?
3
What is the hundred thousands digit of 5381067?
3
What is the ten millions digit of 10121776?
1
What is the ten thousands digit of 40155941?
5
What is the units digit of 2397097?
7
What is the ten thousands digit of 460895?
6
What is the ten thousands digit of 88425?
8
What is the units digit of 1067149?
9
What is the units digit of 655375?
5
What is the ten millions digit of 23407626?
2
What is the thousands digit of 1197475?
7
What is the hundred thousands digit of 103373?
1
What is the units digit of 2261723?
3
What is the hundreds digit of 3567545?
5
What is the millions digit of 6485872?
6
What is the hundreds digit of 3667889?
8
What is the ten thousands digit of 47325?
4
What is the ten thousands digit of 12185519?
8
What is the units digit of 16167660?
0
What is the tens digit of 682401?
0
What is the hundred thousands digit of 930857?
9
What is the tens digit of 867676?
7
What is the thousands digit of 7856135?
6
What is the hundreds digit of 941?
9
What is the units digit of 1011571?
1
What is the hundred thousands digit of 274187?
2
What is the tens digit of 168103?
0
What is the ten thousands digit of 54830?
5
What is the units digit of 30044431?
1
What is the units digit of 1088489?
9
What is the hundred thousands digit of 12422677?
4
What is the hundreds digit of 3309607?
6
What is the millions digit of 9375600?
9
What is the thousands digit of 891116?
1
What is the tens digit of 273779?
7
What is the ten thousands digit of 317647?
1
What is the ten thousands digit of 5379463?
7
What is the ten thousands digit of 2110205?
1
What is the units digit of 5948753?
3
What is the hundreds digit of 2839482?
4
What is the hundreds digit of 2268245?
2
What is the units digit of 598592?
2
What is the thousands digit of 661958?
1
What is the units digit of 43663?
3
What is the thousands digit of 3083848?
3
What is the millions digit of 4044418?
4
What is the hundreds digit of 170605?
6
What is the tens digit of 1039064?
6
What is the ten thousands digit of 293918?
9
What is the tens digit of 197606?
0
What is the units digit of 35877359?
9
What is the tens digit of 1830950?
5
What is the thousands digit of 3691425?
1
What is the ten thousands digit of 1420568?
2
What is the units digit of 3344499?
9
What is the hundred thousands digit of 679354?
6
What is the millions digit of 8652091?
8
What is the thousands digit of 7463844?
3
What is the hundreds digit of 1830688?
6
What is the units digit of 360648?
8
What is the tens digit of 878044?
4
What is the thousands digit of 126578?
6
What is the hundred thousands digit of 14224384?
2
What is the hundred thousands digit of 369872?
3
What is the hundred thousands digit of 16193584?
1
What is the thousands digit of 14017?
4
What is the tens digit of 35201?
0
What is the ten millions digit of 23146560?
2
What is the thousands digit of 5272740?
2
What is the hundreds digit of 11224635?
6
What is the units digit of 607812?
2
What is the ten thousands digit of 131436?
3
What is the units digit of 130709?
9
What is the ten thousands digit of 126630?
2
What is the tens digit of 210600?
0
What is the hundred thousands digit of 5697430?
6
What is the millions digit of 5727038?
5
What is the tens digit of 2811568?
6
What is the units digit of 426857?
7
What is the hundreds digit of 287418?
4
What is the units digit of 736389?
9
What is the hundreds digit of 2865?
8
What is the tens digit of 59840?
4
What is the thousands digit of 13130370?
0
What is the thousands digit of 995079?
5
What is the thousands digit of 156210?
6
What is the tens digit of 128706?
0
What is the tens digit of 436689?
8
What is the units digit of 242830?
0
What is the units digit of 496805?
5
What is the ten thousands digit of 6542164?
4
What is the ten thousands digit of 6850012?
5
What is the hundreds digit of 35637751?
7
What is the tens digit of 28616706?
0
What is the tens digit of 114611?
1
What is the hundreds digit of 187538?
5
What is the ten thousands digit of 336202?
3
What is the units digit of 447065?
5
What is the tens digit of 1596168?
6
What is the units digit of 2203033?
3
What is the thousands digit of 13929278?
9
What is the millions digit of 17100091?
7
What is the units digit of 490098?
8
What is the hundred thousands digit of 5469723?
4
What is the units digit of 11265577?
7
What is the hundreds digit of 3884793?
7
What is the tens digit of 277672?
7
What is the hundred thousands digit of 264814?
2
What is the hundreds digit of 624262?
2
What is the ten thousands digit of 90021?
9
What is the hundred thousands digit of 326011?
3
What is the hundred thousands digit of 240440?
2
What is the hundred thousands digit of 206559?
2
What is the hundreds digit of 3336436?
4
What is the thousands digit of 4115165?
5
What is the hundreds digit of 808344?
3
What is the units digit of 437935?
5
What is the hundreds digit of 3218172?
1
What is the thousands digit of 1247397?
7
What is the hundred thousands digit of 1756090?
7
What is the hundred thousands digit of 3130836?
1
What is the hundreds digit of 6638285?
2
What is the tens digit of 955922?
2
What is the ten thousands digit of 14667227?
6
What is the thousands digit of 3936208?
6
What is the ten millions digit of 23251878?
2
What is the tens digit of 25741378?
7
What is the ten thousands digit of 33988?
3
What is the thousands digit of 1351006?
1
What is the hundred thousands digit of 3350221?
3
What is the millions digit of 1772115?
1
What is the thousands digit of 536525?
6
What is the tens digit of 347250?
5
What is the hundreds digit of 7301282?
2
What is the units digit of 185325?
5
What is the units digit of 2495126?
6
What is the ten thousands digit of 291780?
9
What is the ten thousands digit of 261386?
6
What is the hundred thousands digit of 2253265?
2
What is the tens digit of 7906943?
4
What is the hundreds digit of 419507?
5
What is the units digit of 1029765?
5
What is the thousands digit of 7276694?
6
What is the ten millions digit of 12078266?
1
What is the hundreds digit of 34823775?
7
What is the units digit of 3961693?
3
What is the hundreds digit of 382105?
1
What is the units digit of 26688401?
1
What is the ten thousands digit of 99819?
9
What is the units digit of 30330174?
4
What is the ten thousands digit of 850335?
5
What is the hundred thousands digit of 1417302?
4
What is the thousands digit of 1652491?
2
What is the units digit of 733907?
7
What is the hundreds digit of 47385?
3
Wh